-2*h. List the prime factors of l.
2, 151
Let t(k) = -k**2 + k - 1. Let j(s) = -10*s**2 - 5*s + 36. Let z(c) = -j(c) + t(c). List the prime factors of z(6).
17, 19
Let o = -9 + 14. Suppose 0*m - 92 = -o*m - i, -3*m - 2*i + 58 = 0. List the prime factors of m.
2, 3
Let w(c) = 3*c - 33. Let j be w(14). Suppose 0 = -2*k - 5*f + 2, k - j = 2*k + 5*f. List the prime factors of k.
11
Let w(c) = 11*c**2 + c - 44. What are the prime factors of w(-6)?
2, 173
Let k(i) = -i**2 - 3*i. Let t be k(-3). Suppose -3*n + 3 = -t. Suppose f + n - 25 = 3*u, -96 = -4*f + 3*u. What are the prime factors of f?
2, 3
Let i be (2 + (-7 - -3))*-2. Suppose -t + 89 + 37 = o, 392 = 3*t - i*o. Suppose 8*u - 4*u = t. What are the prime factors of u?
2
Suppose 6 = 2*d, 3*w = 5*d - 6*d - 30. What are the prime factors of (w/2)/((-3)/6)?
11
Suppose -629 = -2*h - 3*s, -10*h + 9*h = s - 312. What are the prime factors of h?
307
Suppose 2*g = 5*p - 24, 0 = 2*p + 3*p + 3*g - 14. Suppose k + p*j = 2*k - 7, 5*k - 4*j - 19 = 0. List the prime factors of k.
3
Suppose 20 = 3*v + 2. Let l(t) = -2*t + 12. Let i be l(v). Suppose i = 5*c - 3*c - 4*h - 138, c - 4*h - 61 = 0. List the prime factors of c.
7, 11
Suppose -1292 = -8*s + 1524. What are the prime factors of s?
2, 11
Let b(q) = -q**3 - 12*q**2 + 10*q - 2. Let o be -15 + (8 - 0)/4. What are the prime factors of b(o)?
37
Let a = 23 + -32. Let o be 6/a*3 - -10. What are the prime factors of 282/4 + 12/o?
2, 3
Suppose 22*p - 27568 = 52336. List the prime factors of p.
2, 227
Suppose 15*o = 6299 + 361. List the prime factors of o.
2, 3, 37
Let c(k) = -k**3 + 7*k**2 + k - 2. Let g be c(7). Let j(b) = g + 10*b**2 - 4*b + 9 - 11. List the prime factors of j(2).
5, 7
Let q = -700 + 1300. List the prime factors of q.
2, 3, 5
Let i(w) = 3*w**2 - 4. Let d be i(2). Let g(a) be the second derivative of a**4/12 - 2*a**3/3 + 4*a**2 - a. List the prime factors of g(d).
2, 5
Let r(n) = -n**2 + 16*n - 10. Let o be r(15). Suppose -o*s - 4*q + 449 = -q, -354 = -4*s - 5*q. List the prime factors of s.
7, 13
Suppose -4*k - 10 - 5 = 3*s, -4 = 4*s. List the prime factors of (-3)/(k - (-168)/57).
3, 19
Suppose 0 = 2*k - 2 - 8. Suppose -3*i = 3*j - 2*j - 8, k*j - 40 = -4*i. What are the prime factors of j?
2
Let y(k) = 11*k + 83. What are the prime factors of y(8)?
3, 19
Suppose 0 + 2 = 2*x. Suppose i + x = 3*a, 5*a + 3 = -0*a - 3*i. Suppose a = 5*g + 5*f - 130, -59 = -4*g - 2*f + 7*f. List the prime factors of g.
3, 7
Let u be ((-13)/5 + 1)*5. What are the prime factors of (-2)/u + 1629/12?
2, 17
Let d = -3178 + 4681. What are the prime factors of d?
3, 167
Let o(b) = 2*b - 2. Let g be o(2). Suppose -4*k - 75 = -5*m, m - 3*k - 6 = 20. Suppose f = -g + m. List the prime factors of f.
3
Suppose 5*r = -5*c + 29 + 171, c - 110 = -3*r. Let x = -25 + r. List the prime factors of x.
2, 5
Let q = -35 + 51. Suppose w - 5*c + 0 - q = 0, -4*c - 37 = -3*w. What are the prime factors of w?
11
Suppose 0 = -m - 2*x + 91 + 62, 0 = 3*m + 4*x - 451. Let w = 319 - m. What are the prime factors of w?
2, 3, 29
Let z(n) = -2*n**2 + 9*n + 5. Let x be z(5). Suppose 5*a = -4*y + a + 728, 5*y + 4*a - 907 = x. What are the prime factors of y?
179
Let a = 21 + -19. Suppose 2*q + 2*q - 112 = 0. Let s = q - a. What are the prime factors of s?
2, 13
Suppose 0 = -5*c - 2402 - 353. Let h = c + 360. Let z = -112 - h. What are the prime factors of z?
79
Let u(k) = 12*k**2 + k - 10. List the prime factors of u(6).
2, 107
Let k(t) be the first derivative of t**4/4 - t**3/3 - t**2 - 4*t + 5. Let r be k(0). List the prime factors of (-5)/(-10) + (-130)/r.
3, 11
Suppose 4*b - 89 = -4*d + b, 4*d - b - 77 = 0. List the prime factors of -1 + d/4*(-86)/(-5).
5, 17
Suppose -11*c = -10*c - 73. Let w = c - 43. List the prime factors of w.
2, 3, 5
Let f = -23 + 24. Suppose -3 + f = -t. Suppose s - 9 = -4*w + 56, -t*w - 224 = -4*s. What are the prime factors of s?
3, 19
Let f = -150 + 213. List the prime factors of f.
3, 7
Let a = 1250 - 634. What are the prime factors of a?
2, 7, 11
Let w(y) be the first derivative of 7*y**2 + 3*y + 2. What are the prime factors of w(4)?
59
Let f = 23 + -148. Let k be f/(-6) - 2/(-12). Suppose 4*n = 5*n - k. What are the prime factors of n?
3, 7
Suppose 5*b = -b + 54. Suppose w + b = 3. What are the prime factors of 798/(-28)*4/w?
19
Let x be 32/48*42/4. Let z(k) = -k**3 + 6*k**2 + 8*k - 4. Let n be z(x). Let m(s) = 5*s + 7. List the prime factors of m(n).
2, 11
Let m(f) be the first derivative of -f**3/3 - f**2 + 5*f + 5. Let c be m(0). Suppose 3*k - 4*r - 13 = -0*r, 0 = -k + c*r - 14. List the prime factors of k.
11
Suppose -k + 3127 + 430 = t, 2*k + 3*t = 7116. What are the prime factors of k?
3, 5, 79
Suppose 135 = 5*w - 3615. What are the prime factors of w?
2, 3, 5
Suppose -3*x = 2*p - 9, -3*x = p - 0*p. Let l be 4/18 + 1276/p. Suppose 5*t + l = -w + 382, w = 2*t - 89. What are the prime factors of t?
47
Suppose -4*s = s + 5*i + 45, -s - 2*i = 4. List the prime factors of (s/2 - -24)/((-2)/(-2)).
17
Let z(l) be the first derivative of -2*l**2 + 8*l + 1/3*l**3 - 7. What are the prime factors of z(-5)?
53
Let z(j) = 3*j + 26. Let n be z(-6). List the prime factors of 119/3 - n/(-24) - 1.
3, 13
Suppose -j + 1795 = -32. List the prime factors of j.
3, 7, 29
Suppose -w = 4*x + 684, 4*x + 3*w + 2*w = -684. Let o = -109 - x. What are the prime factors of o?
2, 31
Suppose 51*y - 54*y = -1479. What are the prime factors of y?
17, 29
Let r(l) = 4*l**2 + l. Let d be r(-1). Suppose d*y = -y. Suppose 3*q - 2*q - 17 = y. List the prime factors of q.
17
Let i = -28 + 13. Let s = -23 - i. Let c = s + 49. List the prime factors of c.
41
List the prime factors of 1734*5/(-50)*-5.
3, 17
Suppose 11*h + 42 = 18*h. List the prime factors of (h/4)/(18/972).
3
Let s(k) = -k. Let b be s(6). Let y be -1*(9 - b/(-3)). Let t = y + 10. List the prime factors of t.
3
Let v = 43 + -48. Let j(a) = -36*a - 8. What are the prime factors of j(v)?
2, 43
Let o(f) be the third derivative of 1/3*f**3 + 7/60*f**5 + 0*f + 1/120*f**6 + 7/24*f**4 + 0 + f**2. What are the prime factors of o(-5)?
17
List the prime factors of 23*((-20)/(-5) + 0).
2, 23
Let k be (1 - 1)/((-7)/(-7)). Let g(v) be the first derivative of -v**3/3 - v**2/2 + 2*v - 2. What are the prime factors of g(k)?
2
Suppose 3*d + 291 = -0*d. Let r = d - -173. What are the prime factors of r?
2, 19
Suppose 7*p - 16 = 11*p. Let c(i) be the second derivative of -7*i**3/6 - 3*i**2 - 3*i. What are the prime factors of c(p)?
2, 11
List the prime factors of 105/33 + -3 - (-82065)/33.
3, 829
Let n(y) = y**3 - 6*y**2 + 8*y - 8. Let f = 11 - 5. List the prime factors of n(f).
2, 5
Let s be (-17)/(-1) - 3/3. Suppose -n - 2*y + 41 = 0, -2*y - 6 = -s. What are the prime factors of n?
31
Let i = -56 - -59. Suppose 62 = -2*w + i*w. What are the prime factors of w?
2, 31
Let k be 1 + 29 + 1*-1. Let h be 5*(15/21 - 2/(-7)). Let s = k - h. List the prime factors of s.
2, 3
Let p(i) = -i**3 - 5*i**2 - 7*i + 1. Let m be p(-5). Let t be 14/18 + 8/m. Suppose f + t - 40 = 0. List the prime factors of f.
3, 13
Let r = 9 + -9. Suppose r = 6*j - 9*j + 120. List the prime factors of j.
2, 5
Let z = 16 + -21. List the prime factors of (1 - -4)*(-112)/z.
2, 7
Suppose 14*v - 2078 = 750. List the prime factors of v.
2, 101
Let z(g) = 13*g**2 + 3*g + 1. Suppose u + 4*l - 6 = 3*u, 9 = -5*u + 4*l. What are the prime factors of z(u)?
11
Suppose 3*u = 5*u - 16. Suppose -409 = -u*s + 1463. List the prime factors of s.
2, 3, 13
Let f = 35 - -1. Let z(o) = o + 8*o**2 - o**3 + f + 0*o**2 - 7*o**2. List the prime factors of z(0).
2, 3
Let w(l) = -15*l - 26. Let m(n) = 8*n + 13. Let z(c) = 5*m(c) + 3*w(c). List the prime factors of z(-7).
2, 11
Let l(a) = 49*a**3 + a**2 - 3 + 7 + 61*a**3 - 4*a - 1. List the prime factors of l(1).
2, 5, 11
Suppose 13*n = 8*n + 15515. Suppose n = -3*c - 4*t, 2*t = 5*c + t + 5141. What are the prime factors of c/(-13) + 26/(-169)?
79
Suppose -16 = -3*x - 10. Suppose -91 - 117 = -x*c + 4*s, -c - s = -89. List the prime factors of c.
2, 47
Let l be (213/(-1))/(10 + (-86)/8). Suppose -1171 - l = -5*w. List the prime factors of w.
3, 97
Let t be (1*-2)/((-1)/2). Suppose -t*n = -22 + 2. Suppose -5*f + 4*p + 0*p = -66, 4*f + n*p = 61. What are the prime fact